{"id":69,"date":"2022-04-01T21:42:27","date_gmt":"2022-04-01T19:42:27","guid":{"rendered":"http:\/\/lodz2.grudnagorna.pl\/?page_id=69"},"modified":"2022-04-02T16:12:11","modified_gmt":"2022-04-02T14:12:11","slug":"msze-sw","status":"publish","type":"page","link":"https:\/\/michal.org.pl\/index.php\/msze-sw\/","title":{"rendered":"MSZE \u015aW."},"content":{"rendered":"<div class=\"msze\">\n<h4><strong>W dni powszednie<\/strong><\/h4>\n<p>07:00, 18:00<\/p>\n<h4><strong>W niedziele i \u015bwi\u0119ta<\/strong><\/h4>\n<p>07:00, 09:00, 10:30, 12:00, 18:00<\/p>\n<\/div>\n<div class=\"nabozenstwa\">\n<h1><strong>NABO\u017bE\u0143STWA<\/strong><\/h1>\n<div class=\"nabozenstwa-content\">\n<div>\n<h4><strong>Nowenna do MB Nieustaj\u0105cej Pomocy<\/strong><\/h4>\n<p>&#8211; \u015broda 17:30<\/p>\n<div>\n<div>\n<h4><strong>Nabo\u017ce\u0144stwo do Mi\u0142osierdzia Bo\u017cego<\/strong><\/h4>\n<p>&#8211; pi\u0105tek 17:30<\/p>\n<div>\n<div>\n<h4><strong>Nabo\u017ce\u0144stwo do \u015bw. Micha\u0142a Archanio\u0142a<\/strong><\/h4>\n<p>&#8211; pierwszy wtorek miesi\u0105ca 18:00<\/p>\n<div><\/div>\n<\/div>\n<\/div>\n<\/div>\n<\/div>\n<\/div>\n<\/div>\n<\/div>\n","protected":false},"excerpt":{"rendered":"<p>W dni powszednie 07:00, 18:00 W niedziele i \u015bwi\u0119ta 07:00, 09:00, 10:30, 12:00, 18:00 NABO\u017bE\u0143STWA Nowenna do MB Nieustaj\u0105cej Pomocy &#8211; \u015broda 17:30 Nabo\u017ce\u0144stwo do Mi\u0142osierdzia Bo\u017cego &#8211; pi\u0105tek 17:30 Nabo\u017ce\u0144stwo do \u015bw. Micha\u0142a Archanio\u0142a &#8211; pierwszy wtorek miesi\u0105ca 18:00<\/p>\n","protected":false},"author":1,"featured_media":0,"parent":0,"menu_order":0,"comment_status":"closed","ping_status":"closed","template":"","meta":{"footnotes":""},"class_list":["post-69","page","type-page","status-publish","hentry","post"],"_links":{"self":[{"href":"https:\/\/michal.org.pl\/index.php\/wp-json\/wp\/v2\/pages\/69","targetHints":{"allow":["GET"]}}],"collection":[{"href":"https:\/\/michal.org.pl\/index.php\/wp-json\/wp\/v2\/pages"}],"about":[{"href":"https:\/\/michal.org.pl\/index.php\/wp-json\/wp\/v2\/types\/page"}],"author":[{"embeddable":true,"href":"https:\/\/michal.org.pl\/index.php\/wp-json\/wp\/v2\/users\/1"}],"replies":[{"embeddable":true,"href":"https:\/\/michal.org.pl\/index.php\/wp-json\/wp\/v2\/comments?post=69"}],"version-history":[{"count":3,"href":"https:\/\/michal.org.pl\/index.php\/wp-json\/wp\/v2\/pages\/69\/revisions"}],"predecessor-version":[{"id":771,"href":"https:\/\/michal.org.pl\/index.php\/wp-json\/wp\/v2\/pages\/69\/revisions\/771"}],"wp:attachment":[{"href":"https:\/\/michal.org.pl\/index.php\/wp-json\/wp\/v2\/media?parent=69"}],"curies":[{"name":"wp","href":"https:\/\/api.w.org\/{rel}","templated":true}]}}