{"id":932,"date":"2022-06-20T22:41:31","date_gmt":"2022-06-20T20:41:31","guid":{"rendered":"https:\/\/michal.org.pl\/?page_id=932"},"modified":"2023-03-03T20:32:14","modified_gmt":"2023-03-03T19:32:14","slug":"rok-2022","status":"publish","type":"page","link":"https:\/\/michal.org.pl\/index.php\/rok-2022\/","title":{"rendered":"Rok 2022"},"content":{"rendered":"\t\t<div data-elementor-type=\"wp-page\" data-elementor-id=\"932\" class=\"elementor elementor-932\">\n\t\t\t\t\t\t\t\t\t<section class=\"elementor-section elementor-top-section elementor-element elementor-element-589ca84d elementor-section-boxed elementor-section-height-default elementor-section-height-default\" data-id=\"589ca84d\" data-element_type=\"section\">\n\t\t\t\t\t\t<div class=\"elementor-container elementor-column-gap-default\">\n\t\t\t\t\t<div class=\"elementor-column elementor-col-100 elementor-top-column elementor-element elementor-element-62263b2a\" data-id=\"62263b2a\" data-element_type=\"column\">\n\t\t\t<div class=\"elementor-widget-wrap elementor-element-populated\">\n\t\t\t\t\t\t\t\t<div class=\"elementor-element elementor-element-631f5e17 elementor-widget elementor-widget-text-editor\" data-id=\"631f5e17\" data-element_type=\"widget\" data-widget_type=\"text-editor.default\">\n\t\t\t\t<div class=\"elementor-widget-container\">\n\t\t\t<style>\/*! elementor - v3.11.2 - 22-02-2023 *\/\n.elementor-widget-text-editor.elementor-drop-cap-view-stacked .elementor-drop-cap{background-color:#818a91;color:#fff}.elementor-widget-text-editor.elementor-drop-cap-view-framed .elementor-drop-cap{color:#818a91;border:3px solid;background-color:transparent}.elementor-widget-text-editor:not(.elementor-drop-cap-view-default) .elementor-drop-cap{margin-top:8px}.elementor-widget-text-editor:not(.elementor-drop-cap-view-default) .elementor-drop-cap-letter{width:1em;height:1em}.elementor-widget-text-editor .elementor-drop-cap{float:left;text-align:center;line-height:1;font-size:50px}.elementor-widget-text-editor .elementor-drop-cap-letter{display:inline-block}<\/style>\t\t\t\t<div class=\"galeria\"><a href=\"\/index.php\/zalozenie-swiatel\">Za\u0142o\u017cenie \u015bwiate\u0142<\/a>\n<a href=\"\/index.php\/wielkanoc-2022\">Wielkanoc<\/a>\n<a href=\"\/index.php\/budowa-schodow\">Budowa schod\u00f3w<\/a>\n<a href=\"\/index.php\/boze-cialo-2022\">Bo\u017ce Cia\u0142o<\/a>\n<a href=\"\/index.php\/odpust-2022\">Odpust parafialny<\/a>\n<a href=\"https:\/\/michal.org.pl\/index.php\/bwg_gallery\/20201224-pasterka-2\/\">Pasterka<\/a><\/div>\t\t\t\t\t\t<\/div>\n\t\t\t\t<\/div>\n\t\t\t\t\t<\/div>\n\t\t<\/div>\n\t\t\t\t\t\t\t<\/div>\n\t\t<\/section>\n\t\t\t\t\t\t\t<\/div>\n\t\t","protected":false},"excerpt":{"rendered":"<p>Za\u0142o\u017cenie \u015bwiate\u0142 Wielkanoc Budowa schod\u00f3w Bo\u017ce Cia\u0142o Odpust parafialny Pasterka<\/p>\n","protected":false},"author":1,"featured_media":0,"parent":0,"menu_order":0,"comment_status":"closed","ping_status":"closed","template":"","meta":{"footnotes":""},"class_list":["post-932","page","type-page","status-publish","hentry","post"],"_links":{"self":[{"href":"https:\/\/michal.org.pl\/index.php\/wp-json\/wp\/v2\/pages\/932","targetHints":{"allow":["GET"]}}],"collection":[{"href":"https:\/\/michal.org.pl\/index.php\/wp-json\/wp\/v2\/pages"}],"about":[{"href":"https:\/\/michal.org.pl\/index.php\/wp-json\/wp\/v2\/types\/page"}],"author":[{"embeddable":true,"href":"https:\/\/michal.org.pl\/index.php\/wp-json\/wp\/v2\/users\/1"}],"replies":[{"embeddable":true,"href":"https:\/\/michal.org.pl\/index.php\/wp-json\/wp\/v2\/comments?post=932"}],"version-history":[{"count":26,"href":"https:\/\/michal.org.pl\/index.php\/wp-json\/wp\/v2\/pages\/932\/revisions"}],"predecessor-version":[{"id":1929,"href":"https:\/\/michal.org.pl\/index.php\/wp-json\/wp\/v2\/pages\/932\/revisions\/1929"}],"wp:attachment":[{"href":"https:\/\/michal.org.pl\/index.php\/wp-json\/wp\/v2\/media?parent=932"}],"curies":[{"name":"wp","href":"https:\/\/api.w.org\/{rel}","templated":true}]}}